Let b(z) = 17 + 0*z**2 - i*z**2 - 11 + z - 3*z**3 + 2*z**3. Determine b(-5).
1
Let d(m) = m**2 - 9*m + 6. Let q be (-3 - (-8 - -2)) + 6. Calculate d(q).
6
Let f(g) = -7*g - 13. Let l(b) be the first derivative of 2*b**2 + 7*b - 4. Let t(v) = -3*f(v) - 5*l(v). Give t(-4).
0
Let l(d) = d**2 + 10*d + 8. Let q(y) = -3*y + 11. Let j be q(6). Determine l(j).
-13
Suppose -5*x = -2*p - 2*p - 30, 4*p = -2*x - 16. Let j(f) = 1 - x*f + f**2 - 2 + f. Give j(-3).
11
Let z = -3 + 3. Let l(f) = -4*f - 3 + 4*f + f**2 + z*f**2 - f. What is l(0)?
-3
Let o(q) = -q**3 + 4*q**2 + 5*q + 1. Let w be o(5). Suppose a = -w + 3. Let z(f) = 2*f**3 - 4*f**2 + 2*f + 1. What is z(a)?
5
Let i(n) = -5*n - 5. Let j(m) = -1. Let z(c) = -i(c) + 6*j(c). Give z(-2).
-11
Let m = 2/99 + 25/396. Let h(f) be the second derivative of 1/6*f**3 - 2*f**2 + 0 + m*f**4 - 2*f. Calculate h(0).
-4
Let w(l) = l**2 - 7*l + 6. Let z(u) = 4*u - 9. Let m = -5 + 12. Let d be z(m). Suppose 2*c = -3*i + 3*c + d, -2*i = 3*c + 2. Calculate w(i).
-4
Let k(g) = 4 + g**3 - g**3 + g**3 - 3*g**2. Let i be (-15)/4 - 2/8. Let j be 18/i*(-2)/3. Calculate k(j).
4
Let s(n) be the first derivative of 2*n - 4 - 1/2*n**2. Suppose -2*r - 5*j + 10 = r, 3*r - 5*j - 20 = 0. Determine s(r).
-3
Let l(m) be the second derivative of m**3/6 + 3*m**2 - 28*m. Give l(-8).
-2
Let t(a) = 2*a - 9. Suppose 5*j - 43 = -8. What is t(j)?
5
Let q(c) = -5*c - 16 + 3 - c**2 + 8 + 9. Calculate q(-5).
4
Let k(q) = q**2 + 3*q + 7. Let i(c) = c + 1. Let v(l) = 6*i(l) - k(l). Let t be (-24)/9*6/4. Let b be t/(-16) - 14/(-8). Calculate v(b).
1
Let p = -19 + 21. Let i(y) = y**2 + y**p - y**2 + y**2. What is i(1)?
2
Let x(n) be the third derivative of 0*n + 3*n**2 - 1/24*n**4 + 0*n**3 + 0. Suppose -5*b = v - 25, -3*b - 2*b - 5*v + 45 = 0. Give x(b).
-4
Let b(i) = -i**3 + 4*i**2 + 2*i - 7. Suppose -26 = s - 3*s + 4*q, 0 = -2*s + q + 14. What is b(s)?
-22
Let z(r) = 3*r**3 + r**2 - 1. Let l(p) = -2*p**3 - p**2 + 1. Let j(o) = 3*l(o) + 4*z(o). Suppose -6*s = -2*s - 4. What is j(s)?
6
Let i(d) be the third derivative of -1/6*d**3 + 1/60*d**5 + 0*d + 4*d**2 + 0 - 1/24*d**4. Suppose -3*y - 6 = -3. What is i(y)?
1
Let n be 64/(-24) - 3/9. Let l(k) = -k**2 - k + 2. What is l(n)?
-4
Let a = 4 + 1. Let h(k) be the first derivative of -k**4/4 + 4*k**3/3 + 5*k**2/2 - 3*k - 3. Calculate h(a).
-3
Let x(f) be the third derivative of 5*f**2 + 0*f - 1/6*f**3 - 1/120*f**6 - 1/24*f**4 - 1/15*f**5 + 0. Determine x(-2).
-7
Let l(a) = -a**3 - a**2 + 2. Let y be l(-2). Let c be 24/(-14) - y/21. Let b(f) be the third derivative of -f**5/20 - f**4/8 - f**3/6 - f**2. Give b(c).
-7
Let j(k) = -9*k - 7. Let w(s) = -17*s - 13. Let p(y) = 7*j(y) - 4*w(y). Let h be (-3)/(-5)*(-45)/(-3). Suppose -5*o - h = x, -2*o - 9 = -5*x - 0. What is p(o)?
-7
Let s be 3/(6/4 + 0). Let x(f) = 7*f - 1 - 2*f - s*f - 2*f. Suppose -6 = 2*o - 4*d, -2*d + 0*d - 17 = -5*o. What is x(o)?
4
Let f = -39 - -41. Let a(o) = -4*o**2 + 3*o - 2. Give a(f).
-12
Let p = 0 - 0. Let y(l) = -l + 8. Let o(u) = -u + 7. Let x(w) = -6*o(w) + 5*y(w). Determine x(p).
-2
Let r(j) be the first derivative of j - 1/3*j**3 + 1 + j**2. Calculate r(-2).
-7
Let m(u) = -u**2 - 5*u - 1. Let k = -62 + 56. What is m(k)?
-7
Suppose -4*a = 3*m + 23, 4*m + a + 7 = 3*m. Let f(u) be the first derivative of -4*u - 2 - 1/3*u**3 - 3*u**2. What is f(m)?
1
Let l(v) = 5*v**3 - 3*v**2 - 3*v - 12. Let b(f) = -6*f**3 + 4*f**2 + 4*f + 13. Let t(d) = -5*d - 1. Let a be t(1). Let m(h) = a*b(h) - 7*l(h). Give m(4).
10
Let f be (4/(-8) + 1)*2. Let k(u) = -u**2 + 4*u - 3*u**2 + 3*u**2 - f. What is k(2)?
3
Let x be (-23)/(-3) - (-6)/(-9). Suppose x*g = 2*g. Let h be (g - 0) + -1 + 2. Let i(c) = -7*c**3 + c**2 - 1. Determine i(h).
-7
Let l(w) = 4*w + 2. Let q(t) = t. Let k(c) = -l(c) + 3*q(c). What is k(3)?
-5
Let a(t) = -6*t**2 - t. Suppose -3*h - 18 = 5*r, -3*h + 2*r = -0*r - 3. Give a(h).
-5
Let j(l) = -l**3 + l**2 - 2*l + 1. Let p be (-10)/(-2)*(-8)/(-20). Suppose 0*z - z = -p. Calculate j(z).
-7
Let a(j) = j**2 - 8*j + 4. Let n be a(6). Let u(z) = z**3 + 8*z**2 - z - 10. Calculate u(n).
-2
Let s(h) = -2*h - 2. Let v be s(-2). Suppose -v = p - 3. Let a(l) = -9*l**2 + 2*l - 1. What is a(p)?
-8
Let x(c) = c**2 + 2*c - 2. Let g be (2 - -1)*(0 + -1). Let u be x(g). Suppose -u - 2 = 3*k. Let i(m) = -m**2 + m. Calculate i(k).
-2
Let z be (-2)/(-7) + 12/(-42). Let s(q) be the first derivative of 3 - 5*q**3 + z*q + q + 6*q**3 + 0*q. Give s(1).
4
Let c(v) = v**2 + 6*v - 6. Suppose s + 5*s = 120. Suppose 3*r = -s - 1. Determine c(r).
1
Let s = -5 - 0. Let h(x) = x**2 + 5*x - 7. Determine h(s).
-7
Let i(u) be the second derivative of 5*u**3/6 - 6*u. Determine i(-1).
-5
Suppose 4*n - 3*r - r - 16 = 0, -5*n = r - 20. Let k(t) = -4 + 2 + n*t + 3 + 3. Determine k(-3).
-8
Let p(q) be the third derivative of -q**6/360 - q**5/40 + q**4/8 - q**3/6 - 4*q**2. Let s(u) be the first derivative of p(u). What is s(-5)?
-7
Let f(l) = -l - 4. Let a be f(-6). Suppose 2 = 4*g - 3*r - 2, 4*g + 3*r - 4 = 0. Let q be a*4*g/2. Let n(p) = -p**2 + 5*p - 6. Give n(q).
-2
Let t be 1/(8/(-3) - -3). Let h(p) = -p**3 + 2*p**2 + 2*p + 4. What is h(t)?
1
Let y(t) = 4*t + 3. Let p = 2 - 2. Suppose n - 5*x + 2 = p, 4*x = 3*x. Calculate y(n).
-5
Let w(g) = 3*g - 5. Let r(z) be the second derivative of 0 - 3*z - 1/6*z**3 + 7*z**2. Let n be r(9). Give w(n).
10
Let j(x) be the second derivative of -3/2*x**2 + 1/2*x**3 - 5*x + 1/12*x**4 + 0. Suppose -g + 8 = -2*v - 6*g, 0 = v - 3*g + 4. Give j(v).
1
Let m(h) = h**2 - 7*h + 6. Suppose a + 5*u - 17 = 0, 6*u - 8 = 2*a + 2*u. Suppose 5*r + 2*d = -22 + 4, 0 = a*r - 2*d - 4. Let y = r - -7. What is m(y)?
-4
Suppose -4*x = -19 - 21. Suppose 0 = y + z - 2 + 4, -5*y + x = z. Let t(c) be the third derivative of -c**4/6 + c**3/3 + 3*c**2. Give t(y).
-10
Let g(s) = -4*s + 3. Let b be 1/(-2) + (-27)/6. Let n(i) = i**2 + 5*i + 3. Let t be n(b). Calculate g(t).
-9
Let s(y) = 4*y - 3. Let o be s(-1). Let d(v) = -v**2 - 7*v + 7. Calculate d(o).
7
Suppose 0 = -4*f - 72 + 12. Let p be (-3)/f + (-1)/5. Let n(g) = g**2 + p + 0*g**2 + 6*g + 4 + 0. Determine n(-4).
-4
Let g(r) = r + 4. Let f be (4/2)/(2 + -1). Suppose 2*d = -f*d + 20. Suppose -5*i = -d*u, -3*u + 5*i = -u. Give g(u).
4
Suppose 2*m + 3*m = 20. Let v(n) = -n - 19. Let x be v(-14). Let a(o) = -7*o - 7. Let b(c) = 22*c + 22. Let q(i) = x*b(i) - 16*a(i). Calculate q(m).
10
Let q = 15 - 11. Let s(i) = 2 + q*i - 3*i - 3*i. Let y be (1 - 2)/((-1)/(-2)). Determine s(y).
6
Let t(o) be the first derivative of -o**4/4 - 5*o**3/3 + o**2/2 + 7. Give t(-5).
-5
Let k(y) = y**2 + 5*y + 4. Suppose -5*d = -4*g - 2*d + 20, 2 = -3*g - 2*d. Let w be ((-24)/(-20))/(g/(-5)). What is k(w)?
-2
Let j(n) = -n**2 - n + 6. Let g be (-114)/(-8) - (-3)/(-12). Let x be g/(-56) + (-2)/(-8). Determine j(x).
6
Let i(o) = o**3 - 7*o**2 - 8*o - 1. Let p be i(8). Let l be ((-4)/(-3))/(p/(-3)). Let k = l + 1. Let w(x) = x - 1. What is w(k)?
4
Let f(l) = l**3 - 8*l**2 + 2*l + 5. Let a(c) = c**3 - 7*c**2 + 2*c + 4. Let z(d) = -4*a(d) + 3*f(d). Suppose -p = -6*p + 20. What is z(p)?
-9
Let n(q) = q**3 + 6*q**2 + q + 3. Suppose 2*y + 0 - 3 = -3*v, 4*v - 14 = -y. Calculate n(y).
-3
Suppose y = 6*y. Let g be ((-24 - -3) + 3)/(-2). Let l(a) = a - 3*a + 3*a + g. Calculate l(y).
9
Let l(p) = -2*p + 1. Let z = 31 + -43. Let a = z + 14. What is l(a)?
-3
Let g(y) be the third derivative of -y**6/120 - y**5/12 - y**4/6 - y**3/6 - 31*y**2. Let m = -7 - -3. What is g(m)?
-1
Let j = -14 + 15. Let y(b) = -4*b**3 - 2*b**2 + 1. Let a be y(-1). Let i(p) = p + a - 2 + 2*p. What is i(j)?
4
Suppose n + 3*n = 20. Let v(x) = 3 + 0 + 3 - 2*x. Give v(n).
-4
Let v(y) = -y - 1. Let d be (2 + 3/(-2))*6. Determine v(d).
-4
Suppose -35 - 25 = -5*h. Suppose -2*a + 12 = a. Suppose -a*f + f = -h. Let c(q) = q**2 - 5*q + 4. Calculate c(f).
0
Let h(d) be the second derivative of -d**5/20 + d**4/4 + 2*d**3/3 - d**2 - d. Suppose -5*l = c, 5*l - 52 = -5*c + 6*l. Let b be -10*(-2)/c*2. Give h(b).
-2
Let j(s) be the third derivative of s**6/120 - s**5/15 - 2*s**3/3 + s**2. Let o be (-16 - -17)/(1*1/4). Calculate j(o).
-4
Let i(z) be the first derivative of z**3/3 - 3*z**2 + 4*z + 6. Let c(d) = d**2 - 6*d + 3. Let w(o) = 5*o + 1. Let r be w(1). Let j be c(r). Determine i(j).
-5
